the prime factors of k(y).
5, 173
Let d(k) = -11*k**2 + 53*k - 25. Let n(w) = 21*w**2 - 105*w + 51. Let c(t) = -9*d(t) - 4*n(t). List the prime factors of c(10).
3, 317
Suppose -10*a - 3*a = 9*a. Suppose -20*r + 3688 + 10432 = a. What are the prime factors of r?
2, 353
List the prime factors of 6850 - 18/((-8)/(-4)).
6841
Let r = -12085 + 17020. Suppose 8*g - 1137 = r. What are the prime factors of g?
3, 11, 23
Let y be -1 + 3 - (-10)/((-2)/1). Let d(o) = -3*o + 8*o - 10*o - 2*o + 6*o**2 - 1. List the prime factors of d(y).
2, 37
Suppose -177*a = -181*a - 1737 + 36897. List the prime factors of a.
2, 3, 5, 293
Suppose 2*p + 0 - 4 = -x, -2*x = 2*p - 6. Suppose -1279 = -x*l - y, 3*y = -10*l + 5*l + 3197. List the prime factors of l.
2, 5
Let v = -1949 - -3143. List the prime factors of (v/(-4))/((-12)/80*5).
2, 199
Let h(s) = -s**3 + 38*s**2 + 51*s - 204. List the prime factors of h(34).
2, 17, 181
Suppose 0 = -5*i + 2*d - 3445, i + d = -i - 1369. Let x = i + 1009. What are the prime factors of x?
2, 7, 23
Let q be ((-6)/5)/((-1)/(-45)). Let w = -51 - q. Suppose -w*s - 4*s = -203. What are the prime factors of s?
29
Suppose -84 = -4*v + 40. Suppose 0 = -14*a - 171 - 235. Let g = v + a. What are the prime factors of g?
2
Let x(m) be the first derivative of m**4/4 - m**3 - 4*m + 1. Let l = 1110 + -1106. What are the prime factors of x(l)?
2, 3
Suppose -g + 3*f + f = 0, -2*g + 9 = f. Let s be g/(-16) - (-25)/4. What are the prime factors of 98/s*(2 - -1)?
7
Suppose 0 = 5*j - 2*n - 52723, 4*j - 29*n - 42178 = -27*n. List the prime factors of j.
3, 5, 19, 37
Let b be (18 - 3)/((-1 - 0)/53). Let p = b - -1243. List the prime factors of p.
2, 7
Let t(v) = 124*v**2 + 219*v + 131. What are the prime factors of t(-24)?
167, 397
Let d(x) = -x**2 + 31*x - 63. Let s be d(29). Let c(r) = -13*r**3 - 6*r**2 - 20*r - 127. List the prime factors of c(s).
2, 181
Suppose 8265 = 30*h + 3029 - 5924. What are the prime factors of h?
2, 3, 31
Let h = -74 + 96. Suppose -4*v - 3*z = -2*v + 17, 3*z - h = v. Let j = v - -62. What are the prime factors of j?
7
Let y = -2134 + 4955. List the prime factors of y.
7, 13, 31
Let k = 517 - 971. Let b = -253 - k. What are the prime factors of b?
3, 67
Let y(z) = 3158*z - 562. List the prime factors of y(3).
2, 557
Let z(k) = k**2 + 9*k + 32. Let x be z(-5). What are the prime factors of (15/6 - 4)*(-8984)/x?
1123
Let m(q) = -42*q + 12. Suppose -6 + 15 = -n. Let x be m(n). Suppose -66 = 2*h - x. List the prime factors of h.
2, 3
Let j(d) = -4*d**2 + 12*d - 1. Let s = -57 - -63. Let v be j(s). Let p = 0 - v. What are the prime factors of p?
73
Let x(q) = -2*q + 38. Let w be x(18). Let f(u) = u**3 - 5*u**2 + 7*u - 5. Let d be f(w). Let o = d - -66. What are the prime factors of o?
3, 7
Suppose -3*w + 83038 = -4*n - 3997, -2*w + 2*n = -58028. List the prime factors of w.
29021
Let t(v) = -v**3 + 4*v**2 + 12*v. Let w be t(6). Let q(b) = -b**3 + 5*b + 100. List the prime factors of q(w).
2, 5
Suppose 2*i + 12*i = i. List the prime factors of (-4 - i)/(6/(-717)).
2, 239
Suppose 10360*l - 10429*l + 3774369 = 0. What are the prime factors of l?
19, 2879
Let f = 105 + -51. Let r = f - -535. What are the prime factors of r?
19, 31
List the prime factors of 20*(-19)/((-760)/83380).
2, 5, 11, 379
Suppose z = -3*z. Let m = 1585 + -777. Suppose -2*x = -q + 126, z = -4*q + 4*x + m - 324. What are the prime factors of q?
2, 29
Let a = 315 - 311. Suppose -a*i = -0*i - 1064. List the prime factors of i.
2, 7, 19
Suppose 2*r + 0*z + 52 = 5*z, -5*r - 101 = 2*z. Let k = 2 + 2. What are the prime factors of (-678)/r + k/(-14)?
2
What are the prime factors of ((-2)/(4/22))/(36/(-21348))?
11, 593
Let t = -430 + 652. Suppose -3*w = 2*c - t - 539, 0 = 5*c - w - 1877. What are the prime factors of c?
2, 47
Let z = -53 + 52. Let x be ((-16)/(-40))/(2*z/(-360)). Let j = x - 62. What are the prime factors of j?
2, 5
Suppose -149*v + 2064684 = -85*v + 763564. What are the prime factors of v?
2, 5, 19, 107
Let h = 63 + -67. Let x be (h + (-219)/(-9))*6. Suppose -4*d + x = -206. What are the prime factors of d?
2, 41
Let v(q) = 1073*q - 891. List the prime factors of v(13).
2, 6529
Suppose 2*a + 12133 = -9*a. Let y = -52 - a. List the prime factors of y.
1051
Let q(p) = -p**2 - 7*p + 9. Let f be q(-7). Suppose -i = f*i - 120. List the prime factors of i/(-4)*(-2 + -16).
2, 3
Suppose 5*p + y = 62, 0 = -3*p + 2*p + y + 10. Suppose -13 = -p*b + 11. Suppose 2*i - 14 = i + b*r, 0 = -3*i + 5*r + 40. What are the prime factors of i?
2, 5
Suppose 3*k + 3*k - 1110 = 0. Let d be 6/(-21) + k/35. Suppose 294 = d*z + 29. What are the prime factors of z?
53
Suppose 0 = 20*h - 36*h - 800. List the prime factors of (-15275)/h + 2/(-1*4).
5, 61
Let f(l) = 28*l - 43. Let h be f(2). Let d = h - -212. What are the prime factors of d?
3, 5
Let g(f) = -2*f**2 - 29*f + 32. Let k(v) = -2*v**2 - 29*v + 32. Let x(a) = 3*g(a) - 4*k(a). List the prime factors of x(-18).
2, 47
Suppose -44*q = -47*q - 7410. Let z = 3529 + q. What are the prime factors of z?
3, 353
Let s be -8 - (-3306)/(-12) - (-3)/(-2). List the prime factors of (-4)/3*s/5*8.
2, 19
Let r(o) = o**2 - 5*o + 4. Let m be r(7). Let u be ((-11340)/1512)/(1/(-4) - 4/(-22)). Let c = m + u. What are the prime factors of c?
2
Let n = 55 + -54. Let g(w) = 4*w. Let x be g(n). What are the prime factors of 0 + (-112)/x*-3?
2, 3, 7
Let a(g) = -2524*g - 3068. What are the prime factors of a(-8)?
2, 3, 1427
Let j(q) = q**2 + 10*q - 1. Let y be j(-10). Let b be y/2*(-1 + 1). Suppose -w - 11 = -3*w - 3*v, b = w + v - 5. What are the prime factors of w?
2
List the prime factors of (0*(-1)/2 + 6895)*1.
5, 7, 197
Suppose -4*p - 208 = -0*o - 2*o, 4*o - 2*p = 386. Let m = 133 - o. List the prime factors of ((-13)/(m/510))/(-2).
5, 17
Let r(d) = 13*d**3 - 11*d**2 - 80. Let g be r(10). What are the prime factors of g/4*-6*(-2)/36?
5, 197
Let k(m) be the second derivative of 3*m**3 - 65*m**2 + 155*m. What are the prime factors of k(9)?
2
Let v = -1442 + 2155. Suppose -2*a - 64 = -g - v, 3*g = -3*a + 978. What are the prime factors of a?
5, 13
Suppose 152 = -0*a - 2*a. Let n(g) = 6*g + 109. Let k be n(-5). Let o = k + a. What are the prime factors of o?
3
What are the prime factors of -20*(585/(-2) - (13 - 9)) - 2?
2, 3, 13, 19
List the prime factors of (9098*6/(-48))/(2/(-8)).
4549
Suppose -54*x = -16*x - 201210. List the prime factors of x.
3, 5, 353
Suppose -6*z + 29 = 17. Suppose 2*h + z*w = 214, -76 - 387 = -4*h + 3*w. Suppose 324 = 2*f + h. What are the prime factors of f?
2, 53
Let q(y) = 2 - 14 + 9 + 7*y**2 - 4*y + 11. What are the prime factors of q(-7)?
379
Let x(c) be the third derivative of 0 + 7/3*c**3 - 7/24*c**4 + 2*c**2 - 4*c. List the prime factors of x(-8).
2, 5, 7
Suppose -43*h + 421371 + 188240 = 0. What are the prime factors of h?
14177
Let v be 1 - 3 - -6 - 0. Suppose 5*y + v*p = 240, 4*p = -y + 6*p + 48. List the prime factors of y.
2, 3
Let n = -92 + 97. Let x be 4 + (-3)/(-15)*n. Suppose x*w - 99 = -4*k, -3*w + 3*k + 73 = w. List the prime factors of w.
19
Let q(n) = n**2 - 4*n + 3. Let y be q(3). Suppose y = -9*p + 2*p - 126. List the prime factors of 1938/27 - 4/p.
2, 3
List the prime factors of (-21660)/(-3) + (6/(-3) - 6).
2, 3, 601
What are the prime factors of (-13434)/(-15)*1680/96?
7, 2239
Let x(z) be the first derivative of 6*z**2 + 84*z + 91. What are the prime factors of x(24)?
2, 3, 31
Let i(j) = -3714*j - 7000. What are the prime factors of i(-9)?
2, 73, 181
List the prime factors of (-2 - -19) + 47860 + 421.
2, 19, 31, 41
Let q(g) = -8 - 12*g - 4*g + 0*g - 37. List the prime factors of q(-10).
5, 23
Let l(h) = -384*h - 6. Let n be l(1). List the prime factors of (-6)/39 - 31650/n.
3
Let f(v) = -234*v + 140. Let x be -6 + 7 + 5/(20/(-32)). List the prime factors of f(x).
2, 7, 127
Suppose -728*c = -720*c - 22816. List the prime factors of c.
2, 23, 31
Let b(i) = i**3 + 27*i**2 + 2*i + 72. Let k be -32 - ((-70)/28)/(2/4). List the prime factors of b(k).
2, 3
Suppose -l = -4*l + 4*h + 44, -5*l - h = -35. Suppose -l*w + 2660 - 788 = 0. What are the prime factors of w?
2, 3, 13
Let y be 8793/27 + -7 - 2/3. Let l = 645 - y. What are the prime factors of l?
3, 109
Let i be 26 + -26 + (5 - -1)/(-2). Let s = 3 + i. Su